?
-20
What is the value of -7 - (-6 - -3 - (-7 + 4) - -5)?
-12
Calculate -17 + 1 - (53 - 60).
-9
What is 4 + -2 - 2 - (-30 - (-6 + -24))?
0
What is (-1 - (-5 + 10)) + (5 - (-4 - -2))?
1
Evaluate -6 + (1 - -4) + -1 + 1.
-1
What is (10 - 47 - -12) + (7 - (11 - 5))?
-24
What is 3 + -10 + -10 + -25 + 27?
-15
Calculate -1 - (-12 - -12 - 8) - (-1 + 8).
0
Calculate (-18 - -10) + -1 - 4.
-13
Calculate -5 + 20 + -2 + -10 - -3.
6
What is 3 + (14 - 9 - 3)?
5
Calculate 6 + 5 - (2 + 11).
-2
What is 11 + -5 + (-36 - -16)?
-14
Calculate (6 - 0 - (-1 - (-11 + 9))) + -3.
2
Evaluate 38 - (-16 - (22 - 62)).
14
5 - 3 - -5 - (7 + 4 - -1)
-5
What is -19 + (10 - -13) + (-1 + 3 - 12)?
-6
Evaluate -1 + 20 + (143 - 151).
11
Calculate -1 + (16 - 0 - (9 + 3 + -6)).
9
6 + (-4 - -15) + -10
7
What is the value of (1 - 14) + 2 + 2 - (4142 - 4133)?
-18
13 - ((4 - (10 - 17)) + -4)
6
What is the value of (-27 - -63 - 63) + 6 + 1?
-20
What is -26 - (10 - 17 - (-8 - -6))?
-21
What is the value of 4 + -23 + 11 + -6?
-14
What is (0 - (1 - -1)) + 18 + -59 + 55?
12
Calculate -8 + 1 - (-14 - (14 - 30)).
-9
-3 - (63 + -52 + -5 + 2)
-11
Calculate -9 - (-24 + 0 - -6).
9
Evaluate (18 - (3 + -5 - -4 - 0)) + -4.
12
What is (-3 - (16 - 31)) + 0?
12
What is the value of -9 + 5 + (3 - 4) + 7 - -9?
11
Calculate 6 - (-7 - (0 + -8 + -8)).
-3
1 - -10 - (339 + -316)
-12
What is the value of 46 + -16 + 8 + -6 + (-9 - -1)?
24
What is (6 - (-10 - 26)) + (31 - 42)?
31
What is the value of 2 + (-1 - -1) - ((-27 - 22) + 33)?
18
Calculate 1 + 2 + 7 + (-42 - (40 + -40)).
-32
What is the value of -7 + (-3 - -3 - 11)?
-18
What is the value of -2 + 2 + 1 + 14 + -14 - -1?
2
Evaluate -7 - (-3 + -1) - (4 - -2) - 4.
-13
What is the value of (22 - 19 - (-7 - -19)) + 11?
2
What is 8 - ((-1 - -6 - 15) + 10)?
8
Calculate -14 + (7 - (4 - -4)) + 7 + 7.
-1
What is the value of (2 - -5) + -7 + (7 - 6 - 0)?
1
Calculate 22 + -12 + -4 + -23.
-17
Calculate (10 - 14) + (-21 - -20) + (1 - -1).
-3
What is the value of 5 - (-58 + 47 + 8 + 1 - 9)?
16
(70 + -41 - 1) + -53
-25
Calculate -1 + (2 - (-20 + 27 - (0 + 12))).
6
What is the value of -23 - (24 - (-1 + 39))?
-9
(2 - 12 - (-22 + 11)) + (0 - 7)
-6
5 + 15 - (1 - 11 - -13)
17
What is the value of (0 - 19) + (-35 - -20 - (-10 - 12))?
-12
-8 - (4 + -27 - (0 + (4 - 3)))
16
What is the value of (-5 - 2) + (17 - -6) + 2?
18
Evaluate -45 - (-27 + 33 + -28).
-23
Calculate -1 - -13 - (-102 + 108).
6
-21 + 12 + (-1 - -1) + -6
-15
Calculate 16 - (4 - 2) - (-105 + 113).
6
What is the value of 19 - 22 - (-1 - ((-4 - -3) + 0))?
-3
What is the value of 12 + 3 + -8 - -12?
19
What is 11 - ((11 + -5 - 2) + 16 + -13)?
4
What is 2 + -11 + 2 + 25 + -24 - -2?
-4
Calculate -2 + -9 + -1 + 383 + -354.
17
Calculate -7 + (12 - 11) + (-1 - -3).
-4
What is 4 + -89 - (174 + -221)?
-38
What is the value of 3 - (15 + -4 + (-3 - -1) - 5)?
-1
-1 + -3 + (0 + -9 + -1 - -12)
-2
What is -9 + -2 + 11 + -6 + 3 + -10?
-13
What is (-5 - 2) + 15 + -1?
7
What is the value of -3 - -4 - (13 - (-3 - -6 - 3))?
-12
What is the value of 20 - -1 - (9 + 41 - 38)?
9
-4 + 19 - 14 - (7 + -25)
19
Evaluate -115 + 110 - (-6 + -4 + -29).
34
7 + (-6 - ((5 - 7) + -7)) + 3
13
Evaluate -7 + ((-13 - -9) + -11 - -11).
-11
What is the value of 2 - (2 - (1 + 2 + -3 + -1))?
-1
-4 + (-7 - -18) + (9 - 10) + -8
-2
Evaluate -18 - (-8 - (9 - 0)).
-1
What is the value of (-4 - (-2 + 15 + -19)) + 6?
8
Calculate (6 - 10 - 3) + (-1 - 1) - 7.
-16
-2 - (2 + -2) - (-15 + 43 - 53)
23
What is -7 - 5 - -10 - -16 - -1?
15
Evaluate (13 - (-19 + 8 + 7)) + -50.
-33
Evaluate -7 + -4 + -1 + (8 - (-6 - -22)).
-20
Calculate (8 - 6) + 1 + -6 - (1 - 9).
5
What is the value of -12 - (1 + 1 + 1) - (132 + -122)?
-25
What is the value of 18 - (-1 + -3 + (17 - 2) + -11)?
18
(1 - -8) + -297 + 274
-14
14 + -2 + -10 + (-6 - -3) + 3
2
What is -692 - -719 - (2 + (-3 - 2))?
30
What is 7 + -10 + 9 + 17 + -3?
20
What is (24 - 14) + (-1 - -3) + -3 + -1?
8
Calculate 25 + -5 + -11 + (-14 - 1).
-6
What is the value of 14 - (-11 + (-4 + 10 - -5))?
14
Calculate -94 - (-143 - -66) - (-6 + (1 - 1)).
-11
5 - (-1 - (1 + -4)) - (-6 - -6)
3
What is the value of -13 + 1 + 7 + 3 + (2 - 2)?
-2
Calculate -27 + (3 + 13 - (-59 - -76)).
-28
Calculate (60 - 59) + (5 - (7 - 1) - 6).
-6
Evaluate -2 + (2 - 6) + (17 + 4 - -3).
18
25 - (29 - 10) - 23
-17
What is the value of (5 - 25 - -8) + 17?
5
Evaluate (47 - 24) + (-15 - 10).
-2
Evaluate -17 + (16 + 1 - (13 + -16)).
3
Evaluate (18 - 29 - -7) + -11 - -2.
-13
What is the value of 20 + -8 + -2 - (5 - -21)?
-16
(3 - -4) + 20 + 18 + -30
15
Calculate 727 - 722 - (0 - -19).
-14
Evaluate -28 + 0 - (-351 + 334).
-11
7 + (-3 - -18 - 9 - (5 + 18))
-10
Calculate (-1 - 7) + -2 + (-1 - -6).
-5
10 + 0 + -6 + -10 + 4 + 17
15
-35 + 34 - 15 - -19
3
What is -1 + 1 + (-7 - -5) + 3 + 2?
3
2 - (27 + (4 - 8) + 0)
-21
What is the value of -16 + -16 + -1 - -41?
8
Evaluate -1 + (-3 + (-4 - -10) - 10 - 13).
-21
What is (1 - -6) + (18 - 2) + 10 + -17?
16
13 + (1 - 11) - (6 + -3 - 22)
22
What is -5 - (11 + -6 + -11)?
1
What is -10 + -4 + 0 + 4 - -5 - 4?
-9
9 + -1 - (117 - 105) - -3
-1
What is the value of (3 - -14) + 10 + -5 + -9?
13
Calculate 2 + 13 + -1 - (11 - 1).
4
Evaluate -6 - -3 - 8 - (-3 + 2).
-10
45 - -27 - 65 - (-3 - 0 - 0)
10
Evaluate -1122 + 1131 + 7 + (0 - 0).
16
2 - ((-4 - 0) + 17) - (-14 - -10)
-7
Calculate -4 + (0 - -1) + (-27 - 9).
-39
Evaluate 8 + 5 - (9 - 6).
10
Evaluate (-5 - -58) + (-21 - 14) + 19.
37
-2 - -12 - 25 - -26
11
29 - (17 - ((11 - 11) + 2 + 4))
18
What is -28 + -2 + 19 - 9?
-20
Evaluate (0 - 7) + (-17 - (47 + -57)).
-14
What is the value of 19 - (34 - (32 + -36))?
-19
What is the value of -8 + 12 + (-6 - 2) - (9 + -5)?
-8
12 - (21 + -23 - 14)
28
Calculate -16 - -12 - (-1 + 4 + -3).
-4
(-42 - (19 - 39)) + 39
17
Evaluate 1 - 2 - ((-9 - 4) + 24).
-12
Calculate 23 - (-1 - -1) - (-151 - -157).
17
Calculate (16 - 3 - 15) + -8 + 4 + -4.
-10
1 + 4 - (-19 - (-23 - -5))
6
(6 - (2 + -2)) + 2 + -8
0
Evaluate -15 + 13 + (0 - -5) + -16 + -4.
-17
What is the value of (-15 - 2) + 1 + -39 + 25 + 17?
-13
What is (7 - 1 - 7) + 5 + -4 + 8?
8
What is (20 - (15 - 10)) + -7 - 8 - 7?
-7
What is the value of (-13 - (-20 - -2)) + -13 + 2?
-6
What is the value of -4 - (-17 - -12) - 1?
0
What is the value of (4 - 14) + -1 + 17 + -9?
-3
1 + (-5 - -13 - 8) - (-4 + -9)
14
What is the value of 11 - (-6 - -12) - (-2 - (-3 + -2))?
2
Calculate 3 - (9 - 12) - (-6 - 5 - -6).
11
(-9 - -13) + 1 + 3
8
Evaluate 0 - (22 - 17 - 2).
-3
Calculate -21 - (-11 + (19 - 17) + 4).
-16
What is 5 + -1 - -4 - (-4 + -2) - 3?
11
Calculate (3 - (10 - 8) - -8) + 13.
22
Evaluate 183 + -180 - (9 - (-5 - (-2 - 0))).
-9
What is the value of 5 - ((-6 - 1) + (385 - 388))?
15
Calculate 10 + (21 - 44) - (-1 - 4 - -2).
-10
What is (5 - (2 - 7)) + 10 - -3 - 8?
15
What is the value of -16 - -31 - (48 + (-8 - -2))?
-27
Evaluate 1 - (13 + 2) - (242 + -254).
-2
0 - -2 - (36 - 43)
9
Calculate -76 + 58 + 9 + -1.
-10
Evaluate 2 + (-11 - (-11 + (3 - -3) + 1)).
-5
Calculate (19 - 10) + 4 + -11.
2
Calculate 109 + -102 + (-7 - (2 - (5 - 3))).
0
Evaluate (4 - 1) + -22 + 11 - 13.
-21
Calculate (-5 - (-15 + 3)) + -6 - (-4 + 3).
2
What is the value of (-18 - (-25 - -14)) + (2 - 1 - -31)?
25
Evaluate (-4 - (1 + 9 + -19)) + -13.
-8
What is -8 + -13 + 16 + 5?
0
What is the value of (705 - 699) + 0 + 5?
11
What is the value of 4 + (55 - (11 + 31))?
17
21 + (-5 - -2) - (60 + -46)
4
Evaluate (6 - (7 - 2)) + -1 - -5.
5
What is (-1 - 8) + 2 - (18 + -8 + -5)?
-12
What is the value of -10 + (28 - (14 - 12)) + 1?
17
Evaluate 9 - -2 - (10 + -15 + -6).
22
-10 - -9 - -19 - (48 - 17)
-13
(49 + -34 - (3 + 18)) + 14
8
Evaluate (8 + -6 - 5 - 8) + 2.
-9
(2 - 1) + (11 - (8 - 10))
14
Evaluate 26 - 29 - (2 - (1 + -4)).
-8
Evaluate 4 - (12 + (-5 - 1 - -6)) - 4.
-12
Evaluate -9 - (-2 - (-1 - 7 - (-13 - -10))).
-12
Calculate -15 + (1 - -1) + 3 + 22 + -26.
-14
Calculate 4 + -20 + -1 + 3 - (12 - 2).
-24
Calculate -1 - (-5 + -14) - 13.
5
What is (12 - 1) + 685 + -706?
-10
What is the value of (8 + 11 - 4) + -7 + 5 + -4?
9
(14 - (42 - 43)) + -41
-26
What is the value of 13 + (36 - 26) + -3?
20
18 + -3 + -21 - -18
12
Calculate -2 + (-5 + -5 + (2 - -3) - -2).
-5
What is the value of 31 - (0 - (4 + -9) - -9)?
17
Calculate 11 + (-7 - (-7 - -8) - 11).
-8
Calc